{"id":7521,"date":"2023-02-22T12:06:11","date_gmt":"2023-02-22T11:06:11","guid":{"rendered":"https:\/\/www.dagilupi.com\/index.php\/privacy-policy"},"modified":"2023-08-30T17:29:48","modified_gmt":"2023-08-30T15:29:48","slug":"privacy-policy","status":"publish","type":"page","link":"https:\/\/www.dagilupi.com\/index.php\/privacy-policy?lang=it","title":{"rendered":"Privacy Policy"},"content":{"rendered":"<p>[vc_row][vc_column]<div class=\"heading-with-separator text-left id_169f3292cc5e54626111125   \"><div class=\"header-content\">\n\t\t\t<p class=\"h-subheading\"><\/p>\n\t\t\t<h3 class=\"heading  \" style=\"; letter-spacing: 0px; \">Politiche di gestione dei cookie<\/h3><\/div><\/div><div class=\"custom-styles\" data-styles=\".id_169f3292cc5e54626111125 .heading-decorator-1:before, .id_169f3292cc5e54626111125 .heading-decorator-1:after { border-color: }\"><\/div>[vc_column_text]Ai sensi dell&#8217;UE 2016\/679<\/p>\n<p>Il sito www.dagilupi.com utilizza i cookie per migliorare la fruizione del servizio online e garantire l&#8217;efficienza della navigazione. Il presente documento fornisce informazioni dettagliate sull&#8217;uso dei cookie, su come sono utilizzati da www.dagilupi.com e su come gestirli.<\/p>\n<h4>Cosa sono i cookie? <\/h4>\n<p>I cookie sono stringhe di testo di piccole dimensioni che i siti web visitati dall&#8217;utente inviano al suo terminale (solitamente il browser), dove vengono memorizzati per essere poi ritrasmessi agli stessi siti web alla successiva visita del medesimo utente. Nel corso della navigazione su un sito web, l&#8217;utente potrebbe ricevere sul proprio terminale anche cookie inviati da siti o da web server diversi (c.d. &#8220;terze parti&#8221;), nei quali possono essere memorizzati diversi elementi (quali, ad esempio, immagini, mappe, suoni, specifici link a pagine di altri domini) presenti sullo stesso sito che si sta visitando.<br \/>\nI cookie sono solitamente presenti in numero molto elevato sui browser degli utenti e talvolta hanno una presenza temporale prolungata. Vengono utilizzati per diversi scopi: esecuzione di informazioni di autenticazione, monitoraggio delle sessioni, memorizzazione di informazioni su configurazioni specifiche relative agli utenti che accedono ai server, ecc.<\/p>\n<h4>Tipo di cookie<\/h4>\n<p>In base alle caratteristiche e all&#8217;utilizzo dei cookie, possiamo delineare diverse categorie:<\/p>\n<ul>\n<li><b><\/b><strongyy<b>yCookies necessari. <\/b><\/strong>Questi cookie sono essenziali per il corretto funzionamento del sito web. Questi cookie non identificano l&#8217;utente. Se non si accettano questi cookie, le funzioni del sito web o di parti di esso potrebbero essere compromesse.<\/li>\n<li><b><\/b><strongyy<b>yCookie di performance. <\/b><\/strong>yQuesti cookie sono utilizzati per raccogliere e analizzare in modo anonimo il traffico e l&#8217;utilizzo del sito. Ad esempio, anche senza identificare l&#8217;utente, questi cookie permettono di rilevare se lo stesso utente torna a connettersi in momenti diversi. Inoltre, consentono di monitorare il sistema e di migliorarne le prestazioni e l&#8217;usabilit\u00e0. La disattivazione di questi cookie pu\u00f2 essere eseguita senza alcuna perdita di funzionalit\u00e0.<br \/>\nEsempi di cookie di prestazione sono, a titolo esemplificativo ma non esaustivo, i seguenti link:<br \/>\n&#8211; <strong><b>Google Analytics:<\/b><\/strongyy Non utilizziamo Google Analytics. Per ulteriori <a href=\"https:\/\/developers.google.com\/analytics\/devguides\/collection\/analyticsjs\/cookie-usage \">informazioni su Google Analytics cliccare qui<\/a><br \/>\n&#8211; <strong>y<b>YouTube Tracking:<\/b><\/strongyy Non utilizziamo Youtube Tracking.\u00a0 Per ulteriori <a href=\"http:\/\/www.google.co.uk\/intl\/en\/policies\/privacy\/\">informazioni su Google Analytics clicca qui<\/a><br \/>\n&#8211; <strong>y<b>Statistiche di WordPress:<\/b><\/strongyy Per ulteriori <a href=\"http:\/\/www.google.co.uk\/intl\/en\/policies\/privacy\/\">informazioni sulle statistiche di WordPress clicca qui<\/a><\/li>\n<\/ul>\n<ul>\n<li><b> Cookie di profilazione. <\/b>Questi sono cookie persistenti utilizzati per identificare (in forma anonima o meno) le preferenze dell&#8217;utente e migliorare la sua esperienza di navigazione.<br \/>\nIl sito www.dagilupi.com non utilizza questo tipo di cookie.<\/li>\n<li><b>Cookie di terze parti. <\/b><\/strong>Visitando un sito web si possono ricevere cookie dal sito visitato (&#8220;proprietario&#8221;), cos\u00ec come da siti web gestiti da altre organizzazioni (&#8220;terze parti&#8221;), come i &#8220;social plugin&#8221; per Facebook, Twitter, Google+ e LinkedIn. Questi ultimi fanno parte della pagina visitata, sono generati direttamente da tali siti e integrati nelle pagine del sito ospitante. L&#8217;uso pi\u00f9 comune dei social plugin \u00e8 la condivisione di contenuti sui social network. La presenza di questi plugin comporta la trasmissione di cookie da e verso tutti i siti gestiti da terze parti. Gli stessi operatori regolano la gestione delle informazioni raccolte dalle &#8220;terze parti&#8221;. Maggiori informazioni sono disponibili ai seguenti indirizzi web per le diverse politiche e modalit\u00e0 di gestione dei cookie.\n<ul>\n<li>Politica di Facebook: https:\/\/www.facebook.com\/help\/cookies\/<\/li>\n<li>Facebook (configurazione): accedere al proprio account. Sezione Privacy.<\/li>\n<li>Twitter: https:\/\/support.twitter.com\/articles\/20170514<\/li>\n<li>Twitter (configurazione): https:\/\/twitter.com\/settings\/security<\/li>\n<li>Linkedin: https:\/\/www.linkedin.com\/legal\/cookie-policy<\/li>\n<li>Linkedin (configurazione): https:\/\/www.linkedin.com\/settings\/<\/li>\n<li>Google+ policy: http:\/\/www.google.it\/intl\/it\/policies\/technologies\/cookies\/<\/li>\n<li>Google+ (configurazione): http:\/\/www.google.it\/intl\/it\/policies\/technologies\/managing\/<\/li>\n<li>Google Analytics https:\/\/www.google.it\/policies\/privacy\/partners\/<\/li>\n<li>YouTube: Per saperne di pi\u00f9 <a href=\"http:\/\/www.google.co.uk\/intl\/en\/policies\/privacy\/\">su YouTube clicca qui<\/a><\/li>\n<\/ul>\n<\/li>\n<\/ul>\n<h4>Durata del cookie.<\/h4>\n<p>Alcuni cookie (cookie di sessione) rimangono attivi solo fino alla chiusura del browser o all&#8217;esecuzione del comando di logout. Altri cookie &#8220;sopravvivono&#8221; alla chiusura del browser e sono presenti anche nelle visite successive.<br \/>\nQuesti cookie sono detti persistenti e il server ne stabilisce la durata al momento della creazione. In alcuni casi \u00e8 fissata una scadenza, in altri casi la durata \u00e8 illimitata.<br \/>\nwww.dagilupi.com non utilizza cookie persistenti per memorizzare informazioni tra una visita e l&#8217;altra.<br \/>\nTuttavia, navigando sulle pagine del sito web www.dagilupi.com si pu\u00f2 interagire con siti gestiti da terze parti che possono creare o modificare cookie permanenti e di profilazione.\u00a0 Un buon esempio \u00e8 il booking engine ospitato da beddy.io che ha una propria policy sui cookie accessibile dal footer della home page della pagina di prenotazione.<\/p>\n<h4>Gestione dei cookie.<\/h4>\n<p>L&#8217;utente pu\u00f2 decidere se accettare o meno i cookie utilizzando le impostazioni del proprio browser. Tuttavia, talvolta la disabilitazione totale o parziale dei cookie tecnici pu\u00f2 compromettere il funzionamento di alcune funzionalit\u00e0 del sito. Al contrario, la piena fruibilit\u00e0 dei contenuti pubblici \u00e8 possibile anche quando i cookie sono completamente disabilitati.<br \/>\nLa disabilitazione dei cookie di &#8220;terze parti&#8221; non pregiudica in alcun modo l&#8217;esperienza di navigazione.<br \/>\nLe impostazioni possono essere impostate in modo specifico per diversi siti e applicazioni web. Inoltre, i migliori browser consentono di definire impostazioni diverse per i cookie &#8220;proprietari&#8221; e quelli di &#8220;terze parti&#8221;.<br \/>\nDi seguito sono riportati alcuni link per la gestione dei cookie nei principali browser:<\/p>\n<ul>\n<li>Chrome: https:\/\/support.google.com\/chrome\/answer\/95647?hl=it<\/li>\n<li>Firefox: https:\/\/support.mozilla.org\/it\/kb\/Gestione%20dei%20cookie<\/li>\n<li>Internet Explorer: http:\/\/windows.microsoft.com\/it-it\/windows7\/how-to-manage-cookies-ininternet- explorer-9<\/li>\n<li>Opera: http:\/\/help.opera.com\/Windows\/10.00\/it\/cookies.html<\/li>\n<li>Safari: http:\/\/support.apple.com\/kb\/HT1677?viewlocale=it_IT<\/li>\n<\/ul>\n<p>&nbsp;<br \/>\n<a href=\"#\" data-hu-action=\"cookies-notice-revoke\">Revoke Consent<\/a><br \/>\n&nbsp;[\/vc_column_text][\/vc_column][\/vc_row]<\/p>","protected":false},"excerpt":{"rendered":"<p>[vc_row][vc_column][vc_column_text]Ai sensi dell&#8217;UE 2016\/679 Il sito www.dagilupi.com utilizza i cookie per migliorare la fruizione del servizio online e garantire l&#8217;efficienza della navigazione. Il presente documento fornisce informazioni dettagliate sull&#8217;uso dei cookie, su come sono utilizzati da www.dagilupi.com e su come gestirli. Cosa sono i cookie? I cookie sono stringhe di testo di piccole dimensioni che[&#8230;] <a href=\"https:\/\/www.dagilupi.com\/index.php\/privacy-policy?lang=it\" class=\"more-link\">Continue reading<\/a><\/p>\n","protected":false},"author":3,"featured_media":0,"parent":0,"menu_order":0,"comment_status":"closed","ping_status":"closed","template":"","meta":[],"_links":{"self":[{"href":"https:\/\/www.dagilupi.com\/index.php\/wp-json\/wp\/v2\/pages\/7521"}],"collection":[{"href":"https:\/\/www.dagilupi.com\/index.php\/wp-json\/wp\/v2\/pages"}],"about":[{"href":"https:\/\/www.dagilupi.com\/index.php\/wp-json\/wp\/v2\/types\/page"}],"author":[{"embeddable":true,"href":"https:\/\/www.dagilupi.com\/index.php\/wp-json\/wp\/v2\/users\/3"}],"replies":[{"embeddable":true,"href":"https:\/\/www.dagilupi.com\/index.php\/wp-json\/wp\/v2\/comments?post=7521"}],"version-history":[{"count":4,"href":"https:\/\/www.dagilupi.com\/index.php\/wp-json\/wp\/v2\/pages\/7521\/revisions"}],"predecessor-version":[{"id":8090,"href":"https:\/\/www.dagilupi.com\/index.php\/wp-json\/wp\/v2\/pages\/7521\/revisions\/8090"}],"wp:attachment":[{"href":"https:\/\/www.dagilupi.com\/index.php\/wp-json\/wp\/v2\/media?parent=7521"}],"curies":[{"name":"wp","href":"https:\/\/api.w.org\/{rel}","templated":true}]}}