{"id":7515,"date":"2023-02-22T11:50:36","date_gmt":"2023-02-22T10:50:36","guid":{"rendered":"https:\/\/www.dagilupi.com\/index.php\/privacy-policy"},"modified":"2023-08-30T17:28:53","modified_gmt":"2023-08-30T15:28:53","slug":"privacy-policy","status":"publish","type":"page","link":"https:\/\/www.dagilupi.com\/index.php\/privacy-policy?lang=fr","title":{"rendered":"Privacy Policy"},"content":{"rendered":"<p>[vc_row][vc_column]<div class=\"heading-with-separator text-left id_169f316a613dc8857303982   \"><div class=\"header-content\">\n\t\t\t<p class=\"h-subheading\"><\/p>\n\t\t\t<h3 class=\"heading  \" style=\"; letter-spacing: 0px; \">Strat\u00e9gies de gestion des cookies<\/h3><\/div><\/div><div class=\"custom-styles\" data-styles=\".id_169f316a613dc8857303982 .heading-decorator-1:before, .id_169f316a613dc8857303982 .heading-decorator-1:after { border-color: }\"><\/div>[vc_column_text]Conform\u00e9ment \u00e0 l&#8217;UE 2016\/679<\/p>\n<p>Le site www.dagilupi.com utilise des cookies pour am\u00e9liorer l&#8217;utilisation du service en ligne et garantir l&#8217;efficacit\u00e9 de la navigation. Le pr\u00e9sent document actuel fournit des informations d\u00e9taill\u00e9es sur l&#8217;utilisation des cookies, sur la mani\u00e8re dont ils sont utilis\u00e9s par dagilocal et sur la fa\u00e7on de les g\u00e9rer.<\/p>\n<h4>Qu&#8217;est-ce que les cookies?<\/h4>\n<p>Les cookies sont de petites cha\u00eenes de texte que les sites web visit\u00e9s par l&#8217;utilisateur envoient \u00e0 son terminal (g\u00e9n\u00e9ralement le navigateur), o\u00f9 ils sont stock\u00e9s avant d&#8217;\u00eatre renvoy\u00e9s aux m\u00eames sites web lors de la prochaine visite du m\u00eame utilisateur. Au cours de la navigation sur un site web, l&#8217;utilisateur peut recevoir sur son terminal des cookies envoy\u00e9s par diff\u00e9rents sites web ou serveurs web (dits &#8220;tiers&#8221;), dans lesquels plusieurs \u00e9l\u00e9ments peuvent \u00eatre stock\u00e9s (comme, par exemple, des images, des cartes, des sons, des liens sp\u00e9cifiques vers des pages d&#8217;autres domaines) sur le m\u00eame site en cours de visite.<br \/>\nLes cookies se trouvent g\u00e9n\u00e9ralement en tr\u00e8s grand nombre sur les navigateurs des utilisateurs et pr\u00e9sentent parfois une longue pr\u00e9sence temporelle. Ils sont utilis\u00e9s \u00e0 diff\u00e9rentes fins : ex\u00e9cution d&#8217;informations d&#8217;authentification, suivi des sessions, stockage d&#8217;informations sur des configurations sp\u00e9cifiques relatives aux utilisateurs qui acc\u00e8dent aux serveurs, etc.<\/p>\n<h4>Type de cookies<\/h4>\n<p>Sur la base des caract\u00e9ristiques et de l&#8217;utilisation des cookies, nous pouvons d\u00e9finir plusieurs cat\u00e9gories :<\/p>\n<ul>\n<li><b><\/b><strong><b>Cookies n\u00e9cessaires. <\/b><\/strong>Ces cookies sont indispensables au bon fonctionnement du site web. Ces cookies ne permettent pas d&#8217;identifier l&#8217;utilisateur. Si vous n&#8217;acceptez pas ces cookies, des fonctions du site web ou des parties de celui-ci, peuvent \u00eatre affect\u00e9es.<\/li>\n<li><b><\/b><strong>yy<Performance cookies.<\/b><\/strong>Ces cookies sont utilis\u00e9s pour collecter et analyser de mani\u00e8re anonyme le trafic et l&#8217;utilisation du site. Par exemple, m\u00eame sans identifier l&#8217;utilisateur, ces cookies permettent de d\u00e9tecter si le m\u00eame utilisateur revient se connecter \u00e0 diff\u00e9rents moments. En outre, ils permettent \u00e9galement de surveiller le syst\u00e8me et d&#8217;am\u00e9liorer ses performances et sa convivialit\u00e9. La d\u00e9sactivation de ces cookies peut \u00eatre ex\u00e9cut\u00e9e sans aucune perte de fonctionnalit\u00e9.<br \/>\nDes exemples de cookies de performance comprennent, sans s&#8217;y limiter, les liens suivants :<br \/>\n&#8211; <strong><b>Google Analytics:<\/b><\/strong> Nous n&#8217;utilisons pas Google Analytics. Pour de plus amples <a href=\"https:\/\/developers.google.com\/analytics\/devguides\/collection\/analyticsjs\/cookie-usage \">informations sur Google Analytics, cliquez ici<\/a>y<br \/>\n&#8211; <strong><b>YouTube Tracking:<\/b><\/strong> Nous n&#8217;utilisons pas Youtube Tracking.\u00a0 Pour plus de <a href=\"http:\/\/www.google.co.uk\/intl\/en\/policies\/privacy\/\">information sur Google Analytics cliquez ici<\/a><br \/>\n&#8211; <strong><b>WordPress Stats:<\/b><\/strong> Pour plus d&#8217;informations <a href=\"http:\/\/www.google.co.uk\/intl\/en\/policies\/privacy\/\">information sur WordPress Stats cliquez ici<\/a><\/li>\n<\/ul>\n<ul>\n<li><strong><b>Cooks de profilage. <\/b><\/strong>Ce sont des cookies persistants utilis\u00e9s pour identifier (de mani\u00e8re anonyme ou non) les pr\u00e9f\u00e9rences des utilisateurs et am\u00e9liorer votre exp\u00e9rience de navigation.<br \/>\nLe site web www.dagilupi.com n&#8217;utilise pas ce type de cookie.<\/li>\n<li><strong><b>Cookies de tiers. <\/b><\/strong>En visitant un site web, vous pouvez recevoir des cookies du site visit\u00e9 (&#8220;propri\u00e9taire&#8221;), ainsi que de sites web g\u00e9r\u00e9s par d&#8217;autres organisations (&#8220;tiers&#8221;), tels que le &#8220;plugin social&#8221; pour Facebook, Twitter, Google+ et LinkedIn. Ces derniers font partie de la page visit\u00e9e, g\u00e9n\u00e9r\u00e9s directement par lesdits sites et int\u00e9gr\u00e9s aux pages du site h\u00f4te. L&#8217;utilisation la plus courante du plugin social est le partage de contenu sur les r\u00e9seaux sociaux. La pr\u00e9sence de ces plugins implique la transmission de cookies vers et depuis tous les sites exploit\u00e9s par des tiers. Les m\u00eames op\u00e9rateurs r\u00e9glementent la gestion des informations collect\u00e9es par les &#8220;tiers&#8221;. De plus amples informations sont disponibles aux adresses web suivantes pour les diff\u00e9rentes politiques et m\u00e9thodes de gestion des cookies.\n<ul>\n<li>Politique de Facebook : https:\/\/www.facebook.com\/help\/cookies\/<\/li>\n<li>Facebook (configuration) : acc\u00e9dez \u00e0 votre compte. Section sur la confidentialit\u00e9.<\/li>\n<p>y<\/p>\n<li>Politique de Twitter : https:\/\/support.twitter.com\/articles\/20170514<\/li>\n<li>Twitter (configuration) : https:\/\/twitter.com\/settings\/security<\/li>\n<li>Politique deLinkedin : https:\/\/www.linkedin.com\/legal\/cookie-policy<\/li>\n<li>Linkedin (configuration) : https:\/\/www.linkedin.com\/settings\/<\/li>\n<p> \tPolitique de <\/p>\n<li>Google+ : http:\/\/www.google.it\/intl\/it\/policies\/technologies\/cookies\/<\/li>\n<li>Google+ (configuration) : http:\/\/www.google.it\/intl\/it\/policies\/technologies\/managing\/<\/li>\n<li>Google Analytics : https:\/\/www.google.it\/policies\/privacy\/partners\/<\/li>\n<li>YouTube : Pour en savoir plus <a href=\"http:\/\/www.google.co.uk\/intl\/en\/policies\/privacy\/\">sur YouTube cliquez ici<\/a><\/li>\n<p>y\n<\/ul>\n<\/li>\n<\/ul>\n<h4>Dur\u00e9e du cookie.<\/h4>\n<p>Certains cookies (cookies de session) ne restent actifs que jusqu&#8217;\u00e0 ce que vous fermiez le navigateur ou ex\u00e9cutiez la commande de d\u00e9connexion. D&#8217;autres cookies &#8220;survivent&#8221; \u00e0 la fermeture du navigateur et sont \u00e9galement pr\u00e9sents lors de visites ult\u00e9rieures.<br \/>\nCes cookies sont dits persistants et le serveur fixe leur dur\u00e9e au moment de la cr\u00e9ation. Dans certains cas, une date limite est fix\u00e9e, dans d&#8217;autres cas, la dur\u00e9e est illimit\u00e9e.<br \/>\nwww.dagilupi.com n&#8217;utilise pas de cookies persistants pour stocker des informations entre les visites.<br \/>\nToutefois, en naviguant sur les pages du site www.dagilupi.com, vous pouvez interagir avec des sites exploit\u00e9s par des tiers qui peuvent cr\u00e9er ou modifier des cookies persistants et de profilage.\u00a0 Un bon exemple est le moteur de r\u00e9servation h\u00e9berg\u00e9 par beddy.io qui a sa propre politique de cookies accessible depuis le pied de page de la page d&#8217;accueil de la page de r\u00e9servation.<\/p>\n<h4>Gestion des cookies.<\/h4>\n<p>L&#8217;utilisateur peut d\u00e9cider d&#8217;accepter ou non les cookies en utilisant les param\u00e8tres de son navigateur. Cependant, parfois, la d\u00e9sactivation totale ou partielle des cookies techniques peut compromettre le fonctionnement de certaines fonctionnalit\u00e9s du site web. Au contraire, la pleine utilisabilit\u00e9 des contenus publics est possible m\u00eame lorsque les cookies sont compl\u00e8tement d\u00e9sactiv\u00e9s.<br \/>\nLa d\u00e9sactivation des cookies &#8220;tiers&#8221; n&#8217;affecte en aucune fa\u00e7on l&#8217;exp\u00e9rience de navigation.<br \/>\nLes param\u00e8tres peuvent \u00eatre d\u00e9finis sp\u00e9cifiquement pour diff\u00e9rents sites web et applications web. En outre, les meilleurs navigateurs vous permettent de d\u00e9finir des param\u00e8tres diff\u00e9rents pour les cookies &#8220;propri\u00e9taires&#8221; et ceux de &#8220;tiers&#8221;.<br \/>\nVous trouverez ci-dessous quelques liens pour la gestion des cookies dans les principaux navigateurs :<\/p>\n<ul>\n<li>Chrome : https:\/\/support.google.com\/chrome\/answer\/95647?hl=it<\/li>\n<li>Firefox : https:\/\/support.mozilla.org\/it\/kb\/Gestione%20dei%20cookie<\/li>\n<li>Internet Explorer : http:\/\/windows.microsoft.com\/it-it\/windows7\/how-to-manage-cookies-ininternet- explorer-9<\/li>\n<li>Opera : http:\/\/help.opera.com\/Windows\/10.00\/it\/cookies.html<\/li>\n<li>Safari : http:\/\/support.apple.com\/kb\/HT1677?viewlocale=it_IT<\/li>\n<\/ul>\n<p>&nbsp;<br \/>\n<a href=\"#\" data-hu-action=\"cookies-notice-revoke\">Revoke Consent<\/a><br \/>\n&nbsp;[\/vc_column_text][\/vc_column][\/vc_row]<\/p>","protected":false},"excerpt":{"rendered":"<p>[vc_row][vc_column][vc_column_text]Conform\u00e9ment \u00e0 l&#8217;UE 2016\/679 Le site www.dagilupi.com utilise des cookies pour am\u00e9liorer l&#8217;utilisation du service en ligne et garantir l&#8217;efficacit\u00e9 de la navigation. Le pr\u00e9sent document actuel fournit des informations d\u00e9taill\u00e9es sur l&#8217;utilisation des cookies, sur la mani\u00e8re dont ils sont utilis\u00e9s par dagilocal et sur la fa\u00e7on de les g\u00e9rer. Qu&#8217;est-ce que les cookies?[&#8230;] <a href=\"https:\/\/www.dagilupi.com\/index.php\/privacy-policy?lang=fr\" class=\"more-link\">Continue reading<\/a><\/p>\n","protected":false},"author":3,"featured_media":0,"parent":0,"menu_order":0,"comment_status":"closed","ping_status":"closed","template":"","meta":[],"_links":{"self":[{"href":"https:\/\/www.dagilupi.com\/index.php\/wp-json\/wp\/v2\/pages\/7515"}],"collection":[{"href":"https:\/\/www.dagilupi.com\/index.php\/wp-json\/wp\/v2\/pages"}],"about":[{"href":"https:\/\/www.dagilupi.com\/index.php\/wp-json\/wp\/v2\/types\/page"}],"author":[{"embeddable":true,"href":"https:\/\/www.dagilupi.com\/index.php\/wp-json\/wp\/v2\/users\/3"}],"replies":[{"embeddable":true,"href":"https:\/\/www.dagilupi.com\/index.php\/wp-json\/wp\/v2\/comments?post=7515"}],"version-history":[{"count":9,"href":"https:\/\/www.dagilupi.com\/index.php\/wp-json\/wp\/v2\/pages\/7515\/revisions"}],"predecessor-version":[{"id":8086,"href":"https:\/\/www.dagilupi.com\/index.php\/wp-json\/wp\/v2\/pages\/7515\/revisions\/8086"}],"wp:attachment":[{"href":"https:\/\/www.dagilupi.com\/index.php\/wp-json\/wp\/v2\/media?parent=7515"}],"curies":[{"name":"wp","href":"https:\/\/api.w.org\/{rel}","templated":true}]}}