{"id":6053,"date":"2021-07-09T15:44:26","date_gmt":"2021-07-09T13:44:26","guid":{"rendered":"https:\/\/www.dagilupi.com\/index.php\/things-to-do"},"modified":"2021-08-11T12:29:34","modified_gmt":"2021-08-11T10:29:34","slug":"todo","status":"publish","type":"page","link":"https:\/\/www.dagilupi.com\/index.php\/todo?lang=fr","title":{"rendered":"Things to do"},"content":{"rendered":"<p>[vc_row full_width=&#8221;stretch_row&#8221; gap=&#8221;&#8221; parallax_image=&#8221;2529&#8243; overlay_color=&#8221;rgba(0,0,0,0.6)&#8221; text_color=&#8221;#ffffff&#8221; css=&#8221;.vc_custom_1561818305782{padding-top: 220px !important;padding-bottom: 140px !important;}&#8221;][vc_column]<div class=\"heading-with-separator text-center id_169e54f5dc171b320108730   \"><div class=\"header-content\">\n\t\t\t<p class=\"h-subheading\"><\/p>\n\t\t\t<h1 class=\"heading  \" style=\"; letter-spacing: 0px; \">Des lieux, des saveurs, des \u00e9motions sans mod\u00e9ration<\/h1><\/div><\/div><div class=\"custom-styles\" data-styles=\".id_169e54f5dc171b320108730 .heading-decorator-1:before, .id_169e54f5dc171b320108730 .heading-decorator-1:after { border-color: }\"><\/div>[vc_column_text]<\/p>\n<p style=\"text-align: center;\">Pour que votre s\u00e9jour soit une exp\u00e9rience inoubliable dans les Pouilles, nous avons s\u00e9lectionn\u00e9 pour vous des lieux et des activit\u00e9s. Des plages \u00e0 la gastronomie, en passant par la culture et l&#8217;art. Laissez-vous guider.<\/p>\n<p>[\/vc_column_text][\/vc_column][\/vc_row][vc_row full_width=&#8221;stretch_row_content&#8221; gap=&#8221;remove-gap&#8221; equal_height=&#8221;yes&#8221; content_placement=&#8221;middle&#8221;][vc_column width=&#8221;2\/3&#8243; css=&#8221;.vc_custom_1584294625004{background-position: center !important;background-repeat: no-repeat !important;background-size: cover !important;}&#8221; el_class=&#8221;vc_hidden-xs vc_hidden-sm&#8221;]<div class=\"interactive-box  standard-box animate-text  active-hover open-lightbox\" data-sm-height=\"400\" data-lg-height=\"500\">\t\n\t\t\t\t\t<div class=\"interactive-img\" style=\"background-image: url(https:\/\/www.dagilupi.com\/wp-content\/uploads\/2019\/06\/IMG_20180417_144321-1024x1024.jpg);\"><\/div>\n\t\t\t\t\t<div class=\"box-overlay\" style=\"background: transparent\"><\/div>\t\n\t\t\t\t\t<div class=\"box-content\" style=\"align-items: center; justify-content: center; \">\n\t\t\t\t\t<\/div>\t\t\n\t\t\t\t\t<div class=\"icon-hover \" style=\"\"><div class=\"arrow-icon\"><i class=\"fa fa-angle-right\"><\/i><\/div><\/div>\n\t\t\t\t\t\n\t\t\t\t\t<a class=\"box-link\" href=\"https:\/\/www.dagilupi.com\/index.php\/todo\/beaches\"  ><\/a> \n\t\t\t\t<\/div>[\/vc_column][vc_column width=&#8221;1\/3&#8243;][vc_empty_space height=&#8221;120px&#8221; height2=&#8221;0&#8243; css=&#8221;.vc_custom_1545314682944{padding-right: 40px !important;padding-left: 40px !important;}&#8221;][vc_single_image image=&#8221;6045&#8243; img_size=&#8221;full&#8221; alignment=&#8221;center&#8221; el_class=&#8221;vc_hidden-md vc_hidden-lg&#8221; css=&#8221;.vc_custom_1625837261429{margin-bottom: 0px !important;}&#8221;]<div class=\"heading-with-separator text-center id_169e54f5dc1cdf1555031103  vc_custom_1625834658717  offset-left-lg\"><div class=\"header-content\">\n\t\t\t<p class=\"h-subheading\"><\/p>\n\t\t\t<h4 class=\"heading  \" style=\"; letter-spacing: 0px; \">Nos 5 plus belles plages des Pouilles<\/h4><\/div><\/div><div class=\"custom-styles\" data-styles=\".id_169e54f5dc1cdf1555031103 .heading-decorator-1:before, .id_169e54f5dc1cdf1555031103 .heading-decorator-1:after { border-color: }\"><\/div>[vc_column_text css=&#8221;.vc_custom_1625836735871{margin-bottom: 0px !important;padding-right: 60px !important;padding-bottom: 60px !important;padding-left: 60px !important;background-color: #ffffff !important;}&#8221; el_class=&#8221;offset-left-lg&#8221;]Avec 800 kilom\u00e8tres de c\u00f4tes, les Pouilles est l\u2019une des r\u00e9gions italiennes de pr\u00e9dilection pour les vacances d\u2019\u00e9t\u00e9 gr\u00e2ce \u00e0 une offre adapt\u00e9e \u00e0 tous les go\u00fbts : larges \u00e9tendues de sable fin ou criques d&#8217;eau cristalline cach\u00e9es dans les rochers, il est difficile de rester insensible \u00e0 la beaut\u00e9 des plages apuliennes. Nous vous sugg\u00e9rons un itin\u00e9raire qui vous permettra de visiter certaines des plus belles plages des Pouilles. Nous en avons identifi\u00e9 5 en particulier, nos 5 plus belles plages des Pouilles.<\/p>\n<p style=\"text-align: center;\"><a href=\"https:\/\/www.dagilupi.com\/index.php\/todo\/beaches\/\" class=\"btn btn-md btn-accent btn-solid\" target=\"_self\" data-btn-text=\"D\u00e9couvrir plus\"><span class=\"btn-text\">D\u00e9couvrir plus<\/span><\/a><\/p>\n<p>[\/vc_column_text][vc_empty_space height=&#8221;80px&#8221; height2=&#8221;0&#8243;][\/vc_column][\/vc_row][vc_row full_width=&#8221;stretch_row_content&#8221; gap=&#8221;remove-gap&#8221; equal_height=&#8221;yes&#8221; content_placement=&#8221;middle&#8221;][vc_column width=&#8221;1\/3&#8243; el_class=&#8221;z-index-up&#8221;][vc_empty_space height=&#8221;80px&#8221; height2=&#8221;0&#8243; css=&#8221;.vc_custom_1625834512887{padding-right: 40px !important;padding-left: 40px !important;}&#8221;][vc_single_image image=&#8221;2534&#8243; img_size=&#8221;full&#8221; alignment=&#8221;center&#8221; el_class=&#8221;vc_hidden-md vc_hidden-lg&#8221; css=&#8221;.vc_custom_1561044947276{margin-bottom: 0px !important;}&#8221;]<div class=\"heading-with-separator text-center id_169e54f5dc1d121079226922  vc_custom_1625834751774  offset-right-lg\"><div class=\"header-content\">\n\t\t\t<p class=\"h-subheading\"><\/p>\n\t\t\t<h4 class=\"heading  \" style=\"; letter-spacing: 0px; \">Nos 5 traditions culimaires des Pouilles<\/h4><\/div><\/div><div class=\"custom-styles\" data-styles=\".id_169e54f5dc1d121079226922 .heading-decorator-1:before, .id_169e54f5dc1d121079226922 .heading-decorator-1:after { border-color: }\"><\/div>[vc_column_text css=&#8221;.vc_custom_1625836764270{margin-bottom: 0px !important;padding-right: 60px !important;padding-bottom: 60px !important;padding-left: 60px !important;background-color: #ffffff !important;}&#8221; el_class=&#8221;offset-right-lg&#8221;]Les Pouilles ont une riche tradition gastronomique. La cuisine est principalement bas\u00e9e sur l&#8217;huile d&#8217;olive extra vierge de la vari\u00e9t\u00e9 &#8220;Coratina&#8221;, la vari\u00e9t\u00e9 historique d&#8217;olive des Pouille (c&#8217;est celle des oliviers mill\u00e9naires) utilis\u00e9e crue en assaisonnement comme pour les traditionnelles Friselle, ou comme base pour les sauces et cuissons. Les recettes sont souvent simples et mettent en avant la fraicheur et l&#8217;authenticit\u00e9 des produits locaux. Nous vous offrons un voyage gastronomique \u00e0 travers la tradition apulienne qui, du Gargano au sud du Salento m\u00e9rite bien le qualificatif de &#8220;cuisine du soleil&#8221;.<\/p>\n<p style=\"text-align: center;\"><a href=\"https:\/\/www.dagilupi.com\/index.php\/todo\/food\/\" class=\"btn btn-md btn-accent btn-solid\" target=\"_self\" data-btn-text=\"D\u00e9couvrir plus\"><span class=\"btn-text\">D\u00e9couvrir plus<\/span><\/a><\/p>\n<p>[\/vc_column_text][vc_empty_space height=&#8221;80px&#8221; height2=&#8221;0&#8243;][\/vc_column][vc_column width=&#8221;2\/3&#8243; css=&#8221;.vc_custom_1584294699671{background-position: center !important;background-repeat: no-repeat !important;background-size: cover !important;}&#8221; el_class=&#8221;vc_hidden-xs vc_hidden-sm&#8221;]<div class=\"interactive-box  standard-box animate-text  active-hover open-lightbox\" data-sm-height=\"400\" data-lg-height=\"500\">\t\n\t\t\t\t\t<div class=\"interactive-img\" style=\"background-image: url(https:\/\/www.dagilupi.com\/wp-content\/uploads\/2019\/06\/shutterstock_1256510782-1024x768.jpg);\"><\/div>\n\t\t\t\t\t<div class=\"box-overlay\" style=\"background: transparent\"><\/div>\t\n\t\t\t\t\t<div class=\"box-content\" style=\"align-items: center; justify-content: center; \">\n\t\t\t\t\t<\/div>\t\t\n\t\t\t\t\t<div class=\"icon-hover \" style=\"\"><div class=\"arrow-icon\"><i class=\"fa fa-angle-right\"><\/i><\/div><\/div>\n\t\t\t\t\t\n\t\t\t\t\t<a class=\"box-link\" href=\"https:\/\/www.dagilupi.com\/index.php\/todo\/food\"  ><\/a> \n\t\t\t\t<\/div>[\/vc_column][\/vc_row][vc_row full_width=&#8221;stretch_row_content&#8221; gap=&#8221;remove-gap&#8221; equal_height=&#8221;yes&#8221; content_placement=&#8221;middle&#8221; css=&#8221;.vc_custom_1584295094827{margin-top: 0px !important;margin-bottom: 0px !important;padding-top: 0px !important;padding-bottom: 0px !important;}&#8221;][vc_column parallax=&#8221;content-moving&#8221; width=&#8221;2\/3&#8243; css=&#8221;.vc_custom_1584294719505{background-position: center !important;background-repeat: no-repeat !important;background-size: cover !important;}&#8221; el_class=&#8221;vc_hidden-xs vc_hidden-sm&#8221;]<div class=\"interactive-box  standard-box animate-text  active-hover open-lightbox\" data-sm-height=\"400\" data-lg-height=\"500\">\t\n\t\t\t\t\t<div class=\"interactive-img\" style=\"background-image: url(https:\/\/www.dagilupi.com\/wp-content\/uploads\/2019\/06\/shutterstock_1334535791-1024x587.jpg);\"><\/div>\n\t\t\t\t\t<div class=\"box-overlay\" style=\"background: transparent\"><\/div>\t\n\t\t\t\t\t<div class=\"box-content\" style=\"align-items: center; justify-content: center; \">\n\t\t\t\t\t<\/div>\t\t\n\t\t\t\t\t<div class=\"icon-hover \" style=\"\"><div class=\"arrow-icon\"><i class=\"fa fa-angle-right\"><\/i><\/div><\/div>\n\t\t\t\t\t\n\t\t\t\t\t<a class=\"box-link\" href=\"https:\/\/www.dagilupi.com\/index.php\/todo\/the-5-most-beautiful-cathedrals-in-puglia\"  ><\/a> \n\t\t\t\t<\/div>[\/vc_column][vc_column width=&#8221;1\/3&#8243;][vc_empty_space height=&#8221;80px&#8221; height2=&#8221;0&#8243; css=&#8221;.vc_custom_1625834381221{padding-right: 40px !important;padding-left: 40px !important;}&#8221;][vc_single_image image=&#8221;2537&#8243; img_size=&#8221;full&#8221; alignment=&#8221;center&#8221; el_class=&#8221;vc_hidden-md vc_hidden-lg&#8221; css=&#8221;.vc_custom_1561046356152{margin-bottom: 0px !important;}&#8221;]<div class=\"heading-with-separator text-center id_169e54f5dc25321679558016  vc_custom_1625834765206  offset-left-lg\"><div class=\"header-content\">\n\t\t\t<p class=\"h-subheading\"><\/p>\n\t\t\t<h4 class=\"heading  \" style=\"; letter-spacing: 0px; \">Nos 5 plus belles cath\u00e9drales des Pouilles.<\/h4><\/div><\/div><div class=\"custom-styles\" data-styles=\".id_169e54f5dc25321679558016 .heading-decorator-1:before, .id_169e54f5dc25321679558016 .heading-decorator-1:after { border-color: }\"><\/div>[vc_column_text css=&#8221;.vc_custom_1625836801912{margin-bottom: 0px !important;padding-right: 60px !important;padding-bottom: 60px !important;padding-left: 60px !important;background-color: #ffffff !important;}&#8221; el_class=&#8221;offset-left-lg&#8221;]Entre les cath\u00e9drales surplombant la mer, celles dans les terres perch\u00e9es sur leur rocher ou l\u2019\u0153uvre contemporaine d&#8217;un architecte mondialement connu, nous vous avons pr\u00e9par\u00e9 un itin\u00e9raire de 5 <strong>cath\u00e9drales dans les Pouilles <\/strong>qui m\u00e9ritent absolument d\u2019\u00eatre visit\u00e9es.<\/p>\n<p style=\"text-align: center;\"><a href=\"https:\/\/www.dagilupi.com\/index.php\/todo\/the-5-most-beautiful-cathedrals-in-puglia\/\" class=\"btn btn-md btn-accent btn-solid\" target=\"_self\" data-btn-text=\"D\u00e9couvrir plus\"><span class=\"btn-text\">D\u00e9couvrir plus<\/span><\/a><\/p>\n<p>[\/vc_column_text][vc_empty_space height=&#8221;80px&#8221; height2=&#8221;0&#8243;][\/vc_column][\/vc_row][vc_row full_width=&#8221;stretch_row_content&#8221; gap=&#8221;remove-gap&#8221; equal_height=&#8221;yes&#8221; content_placement=&#8221;middle&#8221;][vc_column width=&#8221;1\/3&#8243; el_class=&#8221;z-index-up&#8221;][vc_empty_space height=&#8221;80px&#8221; height2=&#8221;0&#8243; css=&#8221;.vc_custom_1625834553124{padding-right: 40px !important;padding-left: 40px !important;}&#8221;][vc_single_image image=&#8221;2540&#8243; img_size=&#8221;full&#8221; alignment=&#8221;center&#8221; el_class=&#8221;vc_hidden-md vc_hidden-lg&#8221; css=&#8221;.vc_custom_1561224898123{margin-bottom: 0px !important;}&#8221;]<div class=\"heading-with-separator text-center id_169e54f5dc255b1367826091  vc_custom_1584294861301  offset-right-lg\"><div class=\"header-content\">\n\t\t\t<p class=\"h-subheading\"><\/p>\n\t\t\t<h4 class=\"heading  \" style=\"; letter-spacing: 0px; \">L'art contemporain dans les Pouilles<\/h4><\/div><\/div><div class=\"custom-styles\" data-styles=\".id_169e54f5dc255b1367826091 .heading-decorator-1:before, .id_169e54f5dc255b1367826091 .heading-decorator-1:after { border-color: }\"><\/div>[vc_column_text css=&#8221;.vc_custom_1625836834771{margin-bottom: 0px !important;padding-right: 60px !important;padding-bottom: 60px !important;padding-left: 60px !important;background-color: #ffffff !important;}&#8221; el_class=&#8221;offset-right-lg&#8221;]Les Pouilles sont une r\u00e9gion riche en histoire, vestiges et monuments antiques, mais l&#8217;art contemporain y a \u00e9galement trouv\u00e9 un terrain fertile pour s\u2019y \u00e9panouir. Dans toute la r\u00e9gion des galeries et des mus\u00e9es d\u00e9di\u00e9s \u00e0 l&#8217;art contemporain mais \u00e9galement des festivals et des expositions temporaires pr\u00e9sentent les \u0153uvres de grands artistes internationaux ou d&#8217;artistes locaux de renomm\u00e9e locale ou internationale.<\/p>\n<p>L&#8217;itin\u00e9raire que nous vous proposons va du Nord des Pouilles \u00e0 l&#8217;extr\u00eame sud, en faisant \u00e9tape dans l\u2019incontournable Mus\u00e9e d&#8217;art contemporain de Polignano, d\u00e9di\u00e9 au grand artiste des Pouilles : Pino Pascali.<\/p>\n<p style=\"text-align: center;\"><a href=\"https:\/\/www.dagilupi.com\/index.php\/todo\/contemporary-art-in-puglia\/\" class=\"btn btn-md btn-accent btn-solid\" target=\"_self\" data-btn-text=\"D\u00e9couvrir plus\"><span class=\"btn-text\">D\u00e9couvrir plus<\/span><\/a><\/p>\n<p>[\/vc_column_text][vc_empty_space height=&#8221;80px&#8221; height2=&#8221;0&#8243;][\/vc_column][vc_column parallax=&#8221;content-moving&#8221; width=&#8221;2\/3&#8243; css=&#8221;.vc_custom_1584294779835{background-position: center !important;background-repeat: no-repeat !important;background-size: cover !important;}&#8221; el_class=&#8221;vc_hidden-xs vc_hidden-sm&#8221;]<div class=\"interactive-box  standard-box animate-text  active-hover open-lightbox\" data-sm-height=\"400\" data-lg-height=\"500\">\t\n\t\t\t\t\t<div class=\"interactive-img\" style=\"background-image: url(https:\/\/www.dagilupi.com\/wp-content\/uploads\/2019\/06\/20190117_163415265_iOS.jpg);\"><\/div>\n\t\t\t\t\t<div class=\"box-overlay\" style=\"background: transparent\"><\/div>\t\n\t\t\t\t\t<div class=\"box-content\" style=\"align-items: center; justify-content: center; \">\n\t\t\t\t\t<\/div>\t\t\n\t\t\t\t\t<div class=\"icon-hover \" style=\"\"><div class=\"arrow-icon\"><i class=\"fa fa-angle-right\"><\/i><\/div><\/div>\n\t\t\t\t\t\n\t\t\t\t\t<a class=\"box-link\" href=\"https:\/\/www.dagilupi.com\/index.php\/todo\/contemporary-art-in-puglia\"  ><\/a> \n\t\t\t\t<\/div>[\/vc_column][\/vc_row][vc_row full_width=&#8221;stretch_row_content&#8221; gap=&#8221;remove-gap&#8221; equal_height=&#8221;yes&#8221; content_placement=&#8221;middle&#8221; disable_element=&#8221;yes&#8221; css=&#8221;.vc_custom_1625837458548{margin-top: 0px !important;margin-bottom: 0px !important;padding-top: 0px !important;padding-bottom: 0px !important;}&#8221;][vc_column parallax=&#8221;content-moving&#8221; width=&#8221;2\/3&#8243; css=&#8221;.vc_custom_1584294719505{background-position: center !important;background-repeat: no-repeat !important;background-size: cover !important;}&#8221; el_class=&#8221;vc_hidden-xs vc_hidden-sm&#8221;]<div class=\"interactive-box  standard-box animate-text  active-hover open-lightbox\" data-sm-height=\"400\" data-lg-height=\"500\">\t\n\t\t\t\t\t<div class=\"interactive-img\" style=\"background-image: url(https:\/\/www.dagilupi.com\/wp-content\/uploads\/2021\/07\/ostuni-remparts-1.jpg);\"><\/div>\n\t\t\t\t\t<div class=\"box-overlay\" style=\"background: transparent\"><\/div>\t\n\t\t\t\t\t<div class=\"box-content\" style=\"align-items: center; justify-content: center; \">\n\t\t\t\t\t<\/div>\t\t\n\t\t\t\t\t<div class=\"icon-hover \" style=\"\"><div class=\"arrow-icon\"><i class=\"fa fa-angle-right\"><\/i><\/div><\/div>\n\t\t\t\t\t\n\t\t\t\t\t<a class=\"box-link\" href=\"https:\/\/www.dagilupi.com\/index.php\/todo\/territory\"  ><\/a> \n\t\t\t\t<\/div>[\/vc_column][vc_column width=&#8221;1\/3&#8243;][vc_empty_space height=&#8221;80px&#8221; height2=&#8221;0&#8243; css=&#8221;.vc_custom_1625834381221{padding-right: 40px !important;padding-left: 40px !important;}&#8221;][vc_single_image image=&#8221;2537&#8243; img_size=&#8221;full&#8221; alignment=&#8221;center&#8221; el_class=&#8221;vc_hidden-md vc_hidden-lg&#8221; css=&#8221;.vc_custom_1561046356152{margin-bottom: 0px !important;}&#8221;]<div class=\"heading-with-separator text-center id_169e54f5dc2f1a1398666109  vc_custom_1625837446845  offset-left-lg\"><div class=\"header-content\">\n\t\t\t<p class=\"h-subheading\"><\/p>\n\t\t\t<h4 class=\"heading  \" style=\"; letter-spacing: 0px; \">D\u00e9couvrir le territoire<\/h4><\/div><\/div><div class=\"custom-styles\" data-styles=\".id_169e54f5dc2f1a1398666109 .heading-decorator-1:before, .id_169e54f5dc2f1a1398666109 .heading-decorator-1:after { border-color: }\"><\/div>[vc_column_text css=&#8221;.vc_custom_1625838311913{margin-bottom: 0px !important;padding-right: 60px !important;padding-bottom: 60px !important;padding-left: 60px !important;background-color: #ffffff !important;}&#8221; el_class=&#8221;offset-left-lg&#8221;]B<\/p>\n<p style=\"text-align: center;\"><a href=\"https:\/\/www.dagilupi.com\/index.php\/todo\/territory\/\" class=\"btn btn-md btn-accent btn-solid\" target=\"_self\" data-btn-text=\"discover more\"><span class=\"btn-text\">discover more<\/span><\/a><\/p>\n<p>[\/vc_column_text][vc_empty_space height=&#8221;80px&#8221; height2=&#8221;0&#8243;][\/vc_column][\/vc_row]<\/p>","protected":false},"excerpt":{"rendered":"<p>[vc_row full_width=&#8221;stretch_row&#8221; gap=&#8221;&#8221; parallax_image=&#8221;2529&#8243; overlay_color=&#8221;rgba(0,0,0,0.6)&#8221; text_color=&#8221;#ffffff&#8221; css=&#8221;.vc_custom_1561818305782{padding-top: 220px !important;padding-bottom: 140px !important;}&#8221;][vc_column][vc_column_text] Pour que votre s\u00e9jour soit une exp\u00e9rience inoubliable dans les Pouilles, nous avons s\u00e9lectionn\u00e9 pour vous des lieux et des activit\u00e9s. Des plages \u00e0 la gastronomie, en passant par la culture et l&#8217;art. Laissez-vous guider. [\/vc_column_text][\/vc_column][\/vc_row][vc_row full_width=&#8221;stretch_row_content&#8221; gap=&#8221;remove-gap&#8221; equal_height=&#8221;yes&#8221; content_placement=&#8221;middle&#8221;][vc_column width=&#8221;2\/3&#8243; css=&#8221;.vc_custom_1584294625004{background-position: center !important;background-repeat:[&#8230;] <a href=\"https:\/\/www.dagilupi.com\/index.php\/todo?lang=fr\" class=\"more-link\">Continue reading<\/a><\/p>\n","protected":false},"author":3,"featured_media":0,"parent":0,"menu_order":0,"comment_status":"closed","ping_status":"closed","template":"","meta":[],"_links":{"self":[{"href":"https:\/\/www.dagilupi.com\/index.php\/wp-json\/wp\/v2\/pages\/6053"}],"collection":[{"href":"https:\/\/www.dagilupi.com\/index.php\/wp-json\/wp\/v2\/pages"}],"about":[{"href":"https:\/\/www.dagilupi.com\/index.php\/wp-json\/wp\/v2\/types\/page"}],"author":[{"embeddable":true,"href":"https:\/\/www.dagilupi.com\/index.php\/wp-json\/wp\/v2\/users\/3"}],"replies":[{"embeddable":true,"href":"https:\/\/www.dagilupi.com\/index.php\/wp-json\/wp\/v2\/comments?post=6053"}],"version-history":[{"count":4,"href":"https:\/\/www.dagilupi.com\/index.php\/wp-json\/wp\/v2\/pages\/6053\/revisions"}],"predecessor-version":[{"id":6058,"href":"https:\/\/www.dagilupi.com\/index.php\/wp-json\/wp\/v2\/pages\/6053\/revisions\/6058"}],"wp:attachment":[{"href":"https:\/\/www.dagilupi.com\/index.php\/wp-json\/wp\/v2\/media?parent=6053"}],"curies":[{"name":"wp","href":"https:\/\/api.w.org\/{rel}","templated":true}]}}