{"id":3257,"date":"2019-06-29T15:56:32","date_gmt":"2019-06-29T15:56:32","guid":{"rendered":"https:\/\/www.dagilupi.com\/index.php\/recommadation\/beaches\/"},"modified":"2019-08-02T16:53:36","modified_gmt":"2019-08-02T16:53:36","slug":"beaches","status":"publish","type":"page","link":"https:\/\/www.dagilupi.com\/index.php\/todo\/beaches?lang=it","title":{"rendered":"Le 5 pi\u00f9 belle spiagge di Puglia"},"content":{"rendered":"<p>[vc_row full_width=&#8221;stretch_row&#8221; gap=&#8221;&#8221; parallax_image=&#8221;2878&#8243; overlay_color=&#8221;rgba(0,0,0,0.6)&#8221; text_color=&#8221;#ffffff&#8221; css=&#8221;.vc_custom_1561823362979{padding-top: 220px !important;padding-bottom: 140px !important;}&#8221;][vc_column]<div class=\"heading-with-separator text-center id_169e1c8a271b841600595503   \"><div class=\"header-content\">\n\t\t\t<p class=\"h-subheading\"><\/p>\n\t\t\t<h1 class=\"heading  \" style=\"; letter-spacing: 0px; \">Le 5 pi\u00f9 belle<br \/>\nspiagge di Puglia<\/h1><\/div><\/div><div class=\"custom-styles\" data-styles=\".id_169e1c8a271b841600595503 .heading-decorator-1:before, .id_169e1c8a271b841600595503 .heading-decorator-1:after { border-color: }\"><\/div>[\/vc_column][\/vc_row][vc_row full_width=&#8221;stretch_row_content_no_spaces&#8221; gap=&#8221;&#8221; equal_height=&#8221;yes&#8221; content_placement=&#8221;middle&#8221;][vc_column parallax=&#8221;content-moving&#8221; parallax_image=&#8221;2879&#8243; width=&#8221;2\/3&#8243; css=&#8221;.vc_custom_1561823432124{background-position: center !important;background-repeat: no-repeat !important;background-size: cover !important;}&#8221; el_class=&#8221;vc_hidden-xs vc_hidden-sm&#8221;][\/vc_column][vc_column width=&#8221;1\/3&#8243;][vc_empty_space height=&#8221;120px&#8221; height2=&#8221;0&#8243; css=&#8221;.vc_custom_1545314682944{padding-right: 40px !important;padding-left: 40px !important;}&#8221;][vc_single_image image=&#8221;3258&#8243; img_size=&#8221;full&#8221; alignment=&#8221;center&#8221; el_class=&#8221;vc_hidden-md vc_hidden-lg&#8221; css=&#8221;.vc_custom_1561823470423{margin-bottom: 0px !important;}&#8221;]<div class=\"heading-with-separator text-center id_169e1c8a271bcc1293917665  vc_custom_1564763153996  offset-left-lg\"><div class=\"header-content\">\n\t\t\t<p class=\"h-subheading\"><\/p>\n\t\t\t<h4 class=\"heading  \" style=\"; letter-spacing: 0px; \">Torre Pozzelle: il gioiello<br \/>\ndella marina di Ostuni<\/p>\n<p><\/h4><\/div><\/div><div class=\"custom-styles\" data-styles=\".id_169e1c8a271bcc1293917665 .heading-decorator-1:before, .id_169e1c8a271bcc1293917665 .heading-decorator-1:after { border-color: }\"><\/div>[vc_column_text css=&#8221;.vc_custom_1564763172525{margin-bottom: 0px !important;padding-right: 60px !important;padding-bottom: 60px !important;padding-left: 60px !important;background-color: #ffffff !important;}&#8221; el_class=&#8221;offset-left-lg&#8221;]<\/p>\n<p style=\"text-align: center;\">Iniziamo l\u2019itinerario delle 5 pi\u00f9 belle spiagge di Puglia, dall\u2019area di torre Pozzelle il nostro \u201ccoup de coeur\u201d della marina di Ostuni. Dalla nostra masseria quest\u2019area \u00e8 davvero vicina e, evitando il mese di agosto, \u00e8 davvero una zona perfetta per chi vuole vivere il mare in totale relax. In effetti quest\u2019area comprende 5 calette e piccole spiagge semi rocciose. Alcune delle 5 calette hanno davvero poca sabbia ma per gli amanti dello scoglio e della macchia mediterranea \u00e8 un vero paradiso. Non \u00e8 difficile accedere anche alle spiagge pi\u00f9 nascoste, \u00e8 necessario per\u00f2 lasciare l\u2019auto in un parcheggio adiacente e percorrere i boschi di macchia mediterranea a piedi, godendo dei profumi del timo e delle altre piante marittime. L\u2019acqua varia dal verde smeraldo al blu e esplorando la zona non \u00e8 difficile imbattersi in piccole grotte marine.<\/p>\n<p>[\/vc_column_text][vc_empty_space height=&#8221;120px&#8221; height2=&#8221;0&#8243;][\/vc_column][\/vc_row][vc_row full_width=&#8221;stretch_row_content_no_spaces&#8221; gap=&#8221;&#8221; equal_height=&#8221;yes&#8221; content_placement=&#8221;middle&#8221;][vc_column width=&#8221;1\/3&#8243; el_class=&#8221;z-index-up&#8221;][vc_empty_space height=&#8221;120px&#8221; height2=&#8221;0&#8243; css=&#8221;.vc_custom_1545314682944{padding-right: 40px !important;padding-left: 40px !important;}&#8221;][vc_single_image image=&#8221;3272&#8243; img_size=&#8221;full&#8221; alignment=&#8221;center&#8221; el_class=&#8221;vc_hidden-md vc_hidden-lg&#8221; css=&#8221;.vc_custom_1561823501929{margin-bottom: 0px !important;}&#8221;]<div class=\"heading-with-separator text-center id_169e1c8a271bed2142107931  vc_custom_1564763191061  offset-right-lg\"><div class=\"header-content\">\n\t\t\t<p class=\"h-subheading\"><\/p>\n\t\t\t<h4 class=\"heading  \" style=\"; letter-spacing: 0px; \">Torre Guaceto:<br \/>\nl\u2019oasi protetta del WWF <\/h4><\/div><\/div><div class=\"custom-styles\" data-styles=\".id_169e1c8a271bed2142107931 .heading-decorator-1:before, .id_169e1c8a271bed2142107931 .heading-decorator-1:after { border-color: }\"><\/div>[vc_column_text css=&#8221;.vc_custom_1564763210830{margin-bottom: 0px !important;padding-right: 60px !important;padding-bottom: 60px !important;padding-left: 60px !important;background-color: #ffffff !important;}&#8221; el_class=&#8221;offset-right-lg&#8221;]<\/p>\n<p style=\"text-align: center;\">L\u2019area di Torre Guaceto \u00e8 una zona protetta dal WWF che ne ha fatto un\u2019oasi di ripopolamento della famosa tartaruga <em>caretta caretta<\/em>. La spiaggia \u00e8 una lingua di sabbia finissima mentre, le acque che la bagnano, sono di un cristallino intenso. La zona protetta \u00e8 in effetti difficile da raggiungere ma gi\u00e0 nella zona aperta al pubblico \u00e8 facile immergersi in una natura incontaminata in cui la posidonia la fa da padrona. Le alte canne che definiscono il perimetro terrestre della spiaggia e sono il luogo preferito per la riproduzione di alcune specie di uccelli migratori. La spiaggia di Torre Guaceto \u00e8 stata insignita pi\u00f9 volte delle 3 Vele di Legambiente. A vedetta di questo eden naturalistico c\u2019\u00e8 un\u2019antica torre aragonese posizionata sull\u2019estrema punta di una delle spiagge pi\u00f9 belle dell\u2019area, la spiaggia delle conchiglie, inserita nella zona A a tutela integrale con divieto di balneazione. L\u2019area di torre Guaceto \u00e8 anche sede di un circolo velico, dove praticare varie discipline acquatiche, nel rispetto totale della natura.<\/p>\n<p>[\/vc_column_text][vc_empty_space height=&#8221;120px&#8221; height2=&#8221;0&#8243;][\/vc_column][vc_column parallax=&#8221;content-moving&#8221; parallax_image=&#8221;2880&#8243; width=&#8221;2\/3&#8243; css=&#8221;.vc_custom_1561823491620{background-position: center !important;background-repeat: no-repeat !important;background-size: cover !important;}&#8221; el_class=&#8221;vc_hidden-xs vc_hidden-sm&#8221;][\/vc_column][\/vc_row][vc_row full_width=&#8221;stretch_row_content_no_spaces&#8221; gap=&#8221;&#8221; equal_height=&#8221;yes&#8221; content_placement=&#8221;middle&#8221; css=&#8221;.vc_custom_1545317448561{margin-top: 0px !important;margin-bottom: 0px !important;padding-top: 0px !important;padding-bottom: 0px !important;}&#8221;][vc_column parallax=&#8221;content-moving&#8221; parallax_image=&#8221;2881&#8243; width=&#8221;2\/3&#8243; css=&#8221;.vc_custom_1561823577569{background-position: center !important;background-repeat: no-repeat !important;background-size: cover !important;}&#8221; el_class=&#8221;vc_hidden-xs vc_hidden-sm&#8221;][\/vc_column][vc_column width=&#8221;1\/3&#8243;][vc_empty_space height=&#8221;120px&#8221; height2=&#8221;0&#8243; css=&#8221;.vc_custom_1545314682944{padding-right: 40px !important;padding-left: 40px !important;}&#8221;][vc_single_image image=&#8221;3274&#8243; img_size=&#8221;full&#8221; alignment=&#8221;center&#8221; el_class=&#8221;vc_hidden-md vc_hidden-lg&#8221; css=&#8221;.vc_custom_1561823587875{margin-bottom: 0px !important;}&#8221;]<div class=\"heading-with-separator text-center id_169e1c8a271c06696107880  vc_custom_1564763255605  offset-left-lg\"><div class=\"header-content\">\n\t\t\t<p class=\"h-subheading\"><\/p>\n\t\t\t<h4 class=\"heading  \" style=\"; letter-spacing: 0px; \">Grotta della Poesia:<br \/>\nun piccolo paradiso nel Salento<\/h4><\/div><\/div><div class=\"custom-styles\" data-styles=\".id_169e1c8a271c06696107880 .heading-decorator-1:before, .id_169e1c8a271c06696107880 .heading-decorator-1:after { border-color: }\"><\/div>[vc_column_text css=&#8221;.vc_custom_1564764761732{margin-bottom: 0px !important;padding-right: 60px !important;padding-bottom: 60px !important;padding-left: 60px !important;background-color: #ffffff !important;}&#8221; el_class=&#8221;offset-left-lg&#8221;]<\/p>\n<p style=\"text-align: center;\">Al terzo posto, solo per una questione di distanza, tra le 5 pi\u00f9 belle spiagge pugliesi, vi proponiamo una delle pi\u00f9 fotografate aree del Salento. La Grotta della Poesia, di roca vecchia vicino a Melendugno (Le) \u00e8 una cavit\u00e0 naturale marina situata in una zona dove gli studi e gli scavi hanno fatto emergere parecchi reperti storici. Pare che il nome di questa grotta derivi dal termine \u201cposia\u201d, che, in lingua greca medievale, significa \u201csorgente di acqua dolce\u201d. Il riferimento \u00e8 alla fonte che nei secoli passati scorreva all\u2019interno della cavit\u00e0, i cui segni sono tutt\u2019oggi visibili. La leggenda per\u00f2 vuole che il temine poesia derivi dalla storia di una bellissima principessa che usava fare il bagno nelle acque della grotta. La notizia della sua presenza si diffuse ben presto in tutto il territorio, tanto da indurre i poeti della zona a recarsi ad ammirare la ragazza e comporre versi d\u2019amore per lei.<\/p>\n<p>[\/vc_column_text][vc_empty_space height=&#8221;120px&#8221; height2=&#8221;0&#8243;][\/vc_column][\/vc_row][vc_row full_width=&#8221;stretch_row_content_no_spaces&#8221; gap=&#8221;&#8221; equal_height=&#8221;yes&#8221; content_placement=&#8221;middle&#8221;][vc_column width=&#8221;1\/3&#8243; el_class=&#8221;z-index-up&#8221;][vc_empty_space height=&#8221;120px&#8221; height2=&#8221;0&#8243; css=&#8221;.vc_custom_1545314682944{padding-right: 40px !important;padding-left: 40px !important;}&#8221;][vc_single_image image=&#8221;3276&#8243; img_size=&#8221;full&#8221; alignment=&#8221;center&#8221; el_class=&#8221;vc_hidden-md vc_hidden-lg&#8221; css=&#8221;.vc_custom_1561823766243{margin-bottom: 0px !important;}&#8221;]<div class=\"heading-with-separator text-center id_169e1c8a271c1a1369977975  vc_custom_1564764775947  offset-right-lg\"><div class=\"header-content\">\n\t\t\t<p class=\"h-subheading\"><\/p>\n\t\t\t<h4 class=\"heading  \" style=\"; letter-spacing: 0px; \">Spiaggia di Sant\u2019Andrea:<br \/>\ndove l\u2019azzurro del mare incontra<br \/>\nil bianco intenso della roccia<\/h4><\/div><\/div><div class=\"custom-styles\" data-styles=\".id_169e1c8a271c1a1369977975 .heading-decorator-1:before, .id_169e1c8a271c1a1369977975 .heading-decorator-1:after { border-color: }\"><\/div>[vc_column_text css=&#8221;.vc_custom_1564764787326{margin-bottom: 0px !important;padding-right: 60px !important;padding-bottom: 60px !important;padding-left: 60px !important;background-color: #ffffff !important;}&#8221; el_class=&#8221;offset-right-lg&#8221;]<\/p>\n<p style=\"text-align: center;\">Questo tratto di costa salentina \u00e8 davvero emozionante. Per raggiungere il mare dalle alte scogliere \u00e8 necessario scendere di qualche centinaio di metri attraverso delle scale scavate nella roccia. Ma l\u2019esperienza vale una giornata. <u>S<\/u>colpiti dall\u2019acqua, i faraglioni di roccia bianca, affiorano dal mare creando un\u2019atmosfera magica. Una visione che quasi toglie il respiro. Il tratto di costa, inoltre, si presenta frastagliato, ricco di anfratti e piccole grotte tutte da scoprire. La piccola spiaggia principale \u00e8 di solito molto affollata anche perch\u00e9 l\u2019argilla degli scogli pare avere propriet\u00e0 curative ed estetiche e molti locali amano cospargersene il corpo.<\/p>\n<p>[\/vc_column_text][vc_empty_space height=&#8221;120px&#8221; height2=&#8221;0&#8243;][\/vc_column][vc_column parallax=&#8221;content-moving&#8221; parallax_image=&#8221;2883&#8243; width=&#8221;2\/3&#8243; css=&#8221;.vc_custom_1561823755937{background-position: center !important;background-repeat: no-repeat !important;background-size: cover !important;}&#8221; el_class=&#8221;vc_hidden-xs vc_hidden-sm&#8221;][\/vc_column][\/vc_row][vc_row full_width=&#8221;stretch_row_content_no_spaces&#8221; gap=&#8221;&#8221; equal_height=&#8221;yes&#8221; content_placement=&#8221;middle&#8221; css=&#8221;.vc_custom_1545317448561{margin-top: 0px !important;margin-bottom: 0px !important;padding-top: 0px !important;padding-bottom: 0px !important;}&#8221;][vc_column parallax=&#8221;content-moving&#8221; parallax_image=&#8221;2882&#8243; width=&#8221;2\/3&#8243; css=&#8221;.vc_custom_1561823791173{background-position: center !important;background-repeat: no-repeat !important;background-size: cover !important;}&#8221; el_class=&#8221;vc_hidden-xs vc_hidden-sm&#8221;][\/vc_column][vc_column width=&#8221;1\/3&#8243;][vc_empty_space height=&#8221;120px&#8221; height2=&#8221;0&#8243; css=&#8221;.vc_custom_1545314682944{padding-right: 40px !important;padding-left: 40px !important;}&#8221;][vc_single_image image=&#8221;3275&#8243; img_size=&#8221;full&#8221; alignment=&#8221;center&#8221; el_class=&#8221;vc_hidden-md vc_hidden-lg&#8221; css=&#8221;.vc_custom_1561823779126{margin-bottom: 0px !important;}&#8221;]<div class=\"heading-with-separator text-center id_169e1c8a271c2d258340862  vc_custom_1564764797670  offset-left-lg\"><div class=\"header-content\">\n\t\t\t<p class=\"h-subheading\"><\/p>\n\t\t\t<h4 class=\"heading  \" style=\"; letter-spacing: 0px; \">Baia delle Zagare:<br \/>\nil simbolo del Gargano<\/h4><\/div><\/div><div class=\"custom-styles\" data-styles=\".id_169e1c8a271c2d258340862 .heading-decorator-1:before, .id_169e1c8a271c2d258340862 .heading-decorator-1:after { border-color: }\"><\/div>[vc_column_text css=&#8221;.vc_custom_1564764807199{margin-bottom: 0px !important;padding-right: 60px !important;padding-bottom: 60px !important;padding-left: 60px !important;background-color: #ffffff !important;}&#8221; el_class=&#8221;offset-left-lg&#8221;]<\/p>\n<p style=\"text-align: center;\">Se si ha del tempo a disposizione, il Gargano, la zona a nord della Puglia, val bene una visita. Anche solo per godere di questo angolo di paradiso dalle rocce bianche che \u00e8 \u201cbaia delle zagare\u201d un\u2019area marina nel comune di Mattinata. Il nome deriva dalle zagare appunto cio\u00e8 i fiori di arancio. Dalla Masseria Dagilupi questa zona dista pi\u00f9 di cento chilometri e se si vuole destinare del tempo a visitarla sar\u00e0 bene partire molto presto alla mattina.<\/p>\n<p>[\/vc_column_text][vc_empty_space height=&#8221;120px&#8221; height2=&#8221;0&#8243;][\/vc_column][\/vc_row]<\/p>","protected":false},"excerpt":{"rendered":"<p>[vc_row full_width=&#8221;stretch_row&#8221; gap=&#8221;&#8221; parallax_image=&#8221;2878&#8243; overlay_color=&#8221;rgba(0,0,0,0.6)&#8221; text_color=&#8221;#ffffff&#8221; css=&#8221;.vc_custom_1561823362979{padding-top: 220px !important;padding-bottom: 140px !important;}&#8221;][vc_column][\/vc_column][\/vc_row][vc_row full_width=&#8221;stretch_row_content_no_spaces&#8221; gap=&#8221;&#8221; equal_height=&#8221;yes&#8221; content_placement=&#8221;middle&#8221;][vc_column parallax=&#8221;content-moving&#8221; parallax_image=&#8221;2879&#8243; width=&#8221;2\/3&#8243; css=&#8221;.vc_custom_1561823432124{background-position: center !important;background-repeat: no-repeat !important;background-size: cover !important;}&#8221; el_class=&#8221;vc_hidden-xs vc_hidden-sm&#8221;][\/vc_column][vc_column width=&#8221;1\/3&#8243;][vc_empty_space height=&#8221;120px&#8221; height2=&#8221;0&#8243; css=&#8221;.vc_custom_1545314682944{padding-right: 40px !important;padding-left: 40px !important;}&#8221;][vc_single_image image=&#8221;3258&#8243; img_size=&#8221;full&#8221; alignment=&#8221;center&#8221; el_class=&#8221;vc_hidden-md vc_hidden-lg&#8221; css=&#8221;.vc_custom_1561823470423{margin-bottom: 0px !important;}&#8221;][vc_column_text css=&#8221;.vc_custom_1564763172525{margin-bottom: 0px !important;padding-right: 60px !important;padding-bottom: 60px !important;padding-left: 60px !important;background-color: #ffffff !important;}&#8221; el_class=&#8221;offset-left-lg&#8221;][&#8230;] <a href=\"https:\/\/www.dagilupi.com\/index.php\/todo\/beaches?lang=it\" class=\"more-link\">Continue reading<\/a><\/p>\n","protected":false},"author":3,"featured_media":0,"parent":6062,"menu_order":1,"comment_status":"closed","ping_status":"closed","template":"","meta":[],"_links":{"self":[{"href":"https:\/\/www.dagilupi.com\/index.php\/wp-json\/wp\/v2\/pages\/3257"}],"collection":[{"href":"https:\/\/www.dagilupi.com\/index.php\/wp-json\/wp\/v2\/pages"}],"about":[{"href":"https:\/\/www.dagilupi.com\/index.php\/wp-json\/wp\/v2\/types\/page"}],"author":[{"embeddable":true,"href":"https:\/\/www.dagilupi.com\/index.php\/wp-json\/wp\/v2\/users\/3"}],"replies":[{"embeddable":true,"href":"https:\/\/www.dagilupi.com\/index.php\/wp-json\/wp\/v2\/comments?post=3257"}],"version-history":[{"count":7,"href":"https:\/\/www.dagilupi.com\/index.php\/wp-json\/wp\/v2\/pages\/3257\/revisions"}],"predecessor-version":[{"id":3631,"href":"https:\/\/www.dagilupi.com\/index.php\/wp-json\/wp\/v2\/pages\/3257\/revisions\/3631"}],"up":[{"embeddable":true,"href":"https:\/\/www.dagilupi.com\/index.php\/wp-json\/wp\/v2\/pages\/6062"}],"wp:attachment":[{"href":"https:\/\/www.dagilupi.com\/index.php\/wp-json\/wp\/v2\/media?parent=3257"}],"curies":[{"name":"wp","href":"https:\/\/api.w.org\/{rel}","templated":true}]}}